{"id":5333,"date":"2024-10-23T01:42:16","date_gmt":"2024-10-23T01:42:16","guid":{"rendered":"https:\/\/www.bisesdeclowns.org\/?page_id=5333"},"modified":"2024-10-28T12:34:27","modified_gmt":"2024-10-28T12:34:27","slug":"les-interventions","status":"publish","type":"page","link":"https:\/\/bisesdeclowns.org\/wordpress\/les-interventions\/","title":{"rendered":"Comment ?"},"content":{"rendered":"\t\t<div data-elementor-type=\"wp-page\" data-elementor-id=\"5333\" class=\"elementor elementor-5333\">\n\t\t\t\t<div class=\"elementor-element elementor-element-7f8c014 e-con-full e-flex wpr-particle-no wpr-jarallax-no wpr-parallax-no wpr-sticky-section-no e-con e-parent\" data-id=\"7f8c014\" data-element_type=\"container\">\n\t\t\t\t<div class=\"elementor-element elementor-element-5edf496 elementor-widget-mobile__width-initial elementor-widget elementor-widget-heading\" data-id=\"5edf496\" data-element_type=\"widget\" data-widget_type=\"heading.default\">\n\t\t\t\t<div class=\"elementor-widget-container\">\n\t\t\t\t\t<h3 class=\"elementor-heading-title elementor-size-default\">Les interventions <\/h3>\t\t\t\t<\/div>\n\t\t\t\t<\/div>\n\t\t\t\t<\/div>\n\t\t<div class=\"elementor-element elementor-element-b55829f e-flex e-con-boxed wpr-particle-no wpr-jarallax-no wpr-parallax-no wpr-sticky-section-no e-con e-parent\" data-id=\"b55829f\" data-element_type=\"container\">\n\t\t\t\t\t<div class=\"e-con-inner\">\n\t\t\t\t<div class=\"elementor-element elementor-element-ddb196b elementor-widget elementor-widget-heading\" data-id=\"ddb196b\" data-element_type=\"widget\" data-widget_type=\"heading.default\">\n\t\t\t\t<div class=\"elementor-widget-container\">\n\t\t\t\t\t<h2 class=\"elementor-heading-title elementor-size-default\">Comment ?<\/h2>\t\t\t\t<\/div>\n\t\t\t\t<\/div>\n\t\t\t\t\t<\/div>\n\t\t\t\t<\/div>\n\t\t<div class=\"elementor-element elementor-element-f3cb6b8 e-grid e-con-full wpr-particle-no wpr-jarallax-no wpr-parallax-no wpr-sticky-section-no e-con e-parent\" data-id=\"f3cb6b8\" data-element_type=\"container\">\n\t\t\t\t<div class=\"elementor-element elementor-element-3151826 elementor-widget elementor-widget-text-editor\" data-id=\"3151826\" data-element_type=\"widget\" data-widget_type=\"text-editor.default\">\n\t\t\t\t<div class=\"elementor-widget-container\">\n\t\t\t\t\t\t\t\t\t<p>Un temps d\u2019\u00e9changes<strong> avec les \u00e9quipes de soin<\/strong> est effectu\u00e9 avant chaque intervention. Lors de la visite dans les institutions, les clowns d\u00e9ambulent <strong>toujours en duo<\/strong>, et vont \u00e0 la rencontre des personnes dans leur chambre ainsi que dans les pi\u00e8ces de vie.\u00a0 &#8212;&#8211;<\/p>\t\t\t\t\t\t\t\t<\/div>\n\t\t\t\t<\/div>\n\t\t\t\t<div class=\"elementor-element elementor-element-7dc16dc elementor-widget elementor-widget-image\" data-id=\"7dc16dc\" data-element_type=\"widget\" data-widget_type=\"image.default\">\n\t\t\t\t<div class=\"elementor-widget-container\">\n\t\t\t\t\t\t\t\t\t\t\t\t\t\t\t<img fetchpriority=\"high\" decoding=\"async\" width=\"1024\" height=\"683\" src=\"https:\/\/bisesdeclowns.org\/wordpress\/wp-content\/uploads\/2024\/10\/kats-dans-le-couloir--1024x683.jpg\" class=\"attachment-large size-large wp-image-5454\" alt=\"\" srcset=\"https:\/\/bisesdeclowns.org\/wordpress\/wp-content\/uploads\/2024\/10\/kats-dans-le-couloir--1024x683.jpg 1024w, https:\/\/bisesdeclowns.org\/wordpress\/wp-content\/uploads\/2024\/10\/kats-dans-le-couloir--300x200.jpg 300w, https:\/\/bisesdeclowns.org\/wordpress\/wp-content\/uploads\/2024\/10\/kats-dans-le-couloir--768x512.jpg 768w, https:\/\/bisesdeclowns.org\/wordpress\/wp-content\/uploads\/2024\/10\/kats-dans-le-couloir--600x400.jpg 600w, https:\/\/bisesdeclowns.org\/wordpress\/wp-content\/uploads\/2024\/10\/kats-dans-le-couloir--1536x1024.jpg 1536w, https:\/\/bisesdeclowns.org\/wordpress\/wp-content\/uploads\/2024\/10\/kats-dans-le-couloir--2048x1365.jpg 2048w\" sizes=\"(max-width: 1024px) 100vw, 1024px\" \/>\t\t\t\t\t\t\t\t\t\t\t\t\t\t\t<\/div>\n\t\t\t\t<\/div>\n\t\t\t\t<div class=\"elementor-element elementor-element-4c66734 elementor-widget elementor-widget-text-editor\" data-id=\"4c66734\" data-element_type=\"widget\" id=\"I\" data-widget_type=\"text-editor.default\">\n\t\t\t\t<div class=\"elementor-widget-container\">\n\t\t\t\t\t\t\t\t\t<p>En <strong>improvisant dans l\u2019instant<\/strong> avec les personnes pr\u00e9sentes,\u00a0 les clowns cr\u00e9ent un moment inattendu, <strong>d\u00e9cal\u00e9 et plein de vie<\/strong>, o\u00f9 les \u00e9motions peuvent se partager en toute libert\u00e9.<\/p>\t\t\t\t\t\t\t\t<\/div>\n\t\t\t\t<\/div>\n\t\t\t\t<div class=\"elementor-element elementor-element-d9a04d0 elementor-widget elementor-widget-image\" data-id=\"d9a04d0\" data-element_type=\"widget\" data-widget_type=\"image.default\">\n\t\t\t\t<div class=\"elementor-widget-container\">\n\t\t\t\t\t\t\t\t\t\t\t\t\t\t\t<img decoding=\"async\" width=\"1024\" height=\"681\" src=\"https:\/\/bisesdeclowns.org\/wordpress\/wp-content\/uploads\/2015\/03\/DSC2006-1024x681.jpg\" class=\"attachment-large size-large wp-image-3588\" alt=\"\" srcset=\"https:\/\/bisesdeclowns.org\/wordpress\/wp-content\/uploads\/2015\/03\/DSC2006.jpg 1024w, https:\/\/bisesdeclowns.org\/wordpress\/wp-content\/uploads\/2015\/03\/DSC2006-300x200.jpg 300w, https:\/\/bisesdeclowns.org\/wordpress\/wp-content\/uploads\/2015\/03\/DSC2006-600x399.jpg 600w\" sizes=\"(max-width: 1024px) 100vw, 1024px\" \/>\t\t\t\t\t\t\t\t\t\t\t\t\t\t\t<\/div>\n\t\t\t\t<\/div>\n\t\t\t\t<div class=\"elementor-element elementor-element-9420860 elementor-widget elementor-widget-image\" data-id=\"9420860\" data-element_type=\"widget\" data-widget_type=\"image.default\">\n\t\t\t\t<div class=\"elementor-widget-container\">\n\t\t\t\t\t\t\t\t\t\t\t\t\t\t\t<img decoding=\"async\" width=\"1024\" height=\"683\" src=\"https:\/\/bisesdeclowns.org\/wordpress\/wp-content\/uploads\/2024\/10\/Bises-de-clowns-29-janvier-2024114235-Avec-accentuation-Bruit1-1024x683.jpg\" class=\"attachment-large size-large wp-image-5637\" alt=\"\" srcset=\"https:\/\/bisesdeclowns.org\/wordpress\/wp-content\/uploads\/2024\/10\/Bises-de-clowns-29-janvier-2024114235-Avec-accentuation-Bruit1-1024x683.jpg 1024w, https:\/\/bisesdeclowns.org\/wordpress\/wp-content\/uploads\/2024\/10\/Bises-de-clowns-29-janvier-2024114235-Avec-accentuation-Bruit1-300x200.jpg 300w, https:\/\/bisesdeclowns.org\/wordpress\/wp-content\/uploads\/2024\/10\/Bises-de-clowns-29-janvier-2024114235-Avec-accentuation-Bruit1-768x512.jpg 768w, https:\/\/bisesdeclowns.org\/wordpress\/wp-content\/uploads\/2024\/10\/Bises-de-clowns-29-janvier-2024114235-Avec-accentuation-Bruit1-600x400.jpg 600w, https:\/\/bisesdeclowns.org\/wordpress\/wp-content\/uploads\/2024\/10\/Bises-de-clowns-29-janvier-2024114235-Avec-accentuation-Bruit1-1536x1024.jpg 1536w\" sizes=\"(max-width: 1024px) 100vw, 1024px\" \/>\t\t\t\t\t\t\t\t\t\t\t\t\t\t\t<\/div>\n\t\t\t\t<\/div>\n\t\t\t\t<div class=\"elementor-element elementor-element-3079cbe elementor-widget elementor-widget-text-editor\" data-id=\"3079cbe\" data-element_type=\"widget\" data-widget_type=\"text-editor.default\">\n\t\t\t\t<div class=\"elementor-widget-container\">\n\t\t\t\t\t\t\t\t\t<p style=\"text-align: left;\">Les clowns tissent ainsi avec chaque personne des <b>liens singuliers<\/b> en adaptant leur jeu aux pathologies et aux \u00e9tats du moment. Ils&nbsp; interviennent deux jours par semaine tout au long de l\u2019ann\u00e9e dans les diff\u00e9rentes structures. Leurs improvisations clownesques cr\u00e9ent du<b> lien entre les patients, les familles, et les soignants.&nbsp;<\/b><\/p>\t\t\t\t\t\t\t\t<\/div>\n\t\t\t\t<\/div>\n\t\t\t\t<\/div>\n\t\t\t\t<\/div>\n\t\t","protected":false},"excerpt":{"rendered":"<p>Les interventions Comment ? Un temps d\u2019\u00e9changes avec les \u00e9quipes de soin est effectu\u00e9 avant chaque intervention. Lors de la visite dans les institutions, les clowns d\u00e9ambulent toujours en duo, et vont \u00e0 la rencontre des personnes dans leur chambre ainsi que dans les pi\u00e8ces de vie.\u00a0 &#8212;&#8211; En improvisant dans l\u2019instant avec les personnes pr\u00e9sentes,\u00a0 les clowns cr\u00e9ent un moment inattendu, d\u00e9cal\u00e9 et plein de vie, o\u00f9 les \u00e9motions peuvent se partager en toute libert\u00e9. Les clowns tissent ainsi avec chaque personne des liens singuliers en adaptant leur jeu aux pathologies et aux \u00e9tats du moment. Ils&nbsp; interviennent deux jours par semaine tout au long de l\u2019ann\u00e9e dans les diff\u00e9rentes structures. Leurs improvisations clownesques cr\u00e9ent du lien entre les patients, les familles, et les soignants.&nbsp;<\/p>\n","protected":false},"author":7,"featured_media":0,"parent":0,"menu_order":0,"comment_status":"closed","ping_status":"closed","template":"","meta":{"site-sidebar-layout":"no-sidebar","site-content-layout":"","ast-site-content-layout":"full-width-container","site-content-style":"default","site-sidebar-style":"default","ast-global-header-display":"","ast-banner-title-visibility":"","ast-main-header-display":"","ast-hfb-above-header-display":"","ast-hfb-below-header-display":"","ast-hfb-mobile-header-display":"","site-post-title":"disabled","ast-breadcrumbs-content":"","ast-featured-img":"disabled","footer-sml-layout":"","theme-transparent-header-meta":"","adv-header-id-meta":"","stick-header-meta":"","header-above-stick-meta":"","header-main-stick-meta":"","header-below-stick-meta":"","astra-migrate-meta-layouts":"default","ast-page-background-enabled":"default","ast-page-background-meta":{"desktop":{"background-color":"var(--ast-global-color-4)","background-image":"","background-repeat":"repeat","background-position":"center center","background-size":"auto","background-attachment":"scroll","background-type":"","background-media":"","overlay-type":"","overlay-color":"","overlay-gradient":""},"tablet":{"background-color":"","background-image":"","background-repeat":"repeat","background-position":"center center","background-size":"auto","background-attachment":"scroll","background-type":"","background-media":"","overlay-type":"","overlay-color":"","overlay-gradient":""},"mobile":{"background-color":"","background-image":"","background-repeat":"repeat","background-position":"center center","background-size":"auto","background-attachment":"scroll","background-type":"","background-media":"","overlay-type":"","overlay-color":"","overlay-gradient":""}},"ast-content-background-meta":{"desktop":{"background-color":"var(--ast-global-color-5)","background-image":"","background-repeat":"repeat","background-position":"center center","background-size":"auto","background-attachment":"scroll","background-type":"","background-media":"","overlay-type":"","overlay-color":"","overlay-gradient":""},"tablet":{"background-color":"var(--ast-global-color-5)","background-image":"","background-repeat":"repeat","background-position":"center center","background-size":"auto","background-attachment":"scroll","background-type":"","background-media":"","overlay-type":"","overlay-color":"","overlay-gradient":""},"mobile":{"background-color":"var(--ast-global-color-5)","background-image":"","background-repeat":"repeat","background-position":"center center","background-size":"auto","background-attachment":"scroll","background-type":"","background-media":"","overlay-type":"","overlay-color":"","overlay-gradient":""}},"footnotes":""},"class_list":["post-5333","page","type-page","status-publish","hentry"],"_links":{"self":[{"href":"https:\/\/bisesdeclowns.org\/wordpress\/wp-json\/wp\/v2\/pages\/5333","targetHints":{"allow":["GET"]}}],"collection":[{"href":"https:\/\/bisesdeclowns.org\/wordpress\/wp-json\/wp\/v2\/pages"}],"about":[{"href":"https:\/\/bisesdeclowns.org\/wordpress\/wp-json\/wp\/v2\/types\/page"}],"author":[{"embeddable":true,"href":"https:\/\/bisesdeclowns.org\/wordpress\/wp-json\/wp\/v2\/users\/7"}],"replies":[{"embeddable":true,"href":"https:\/\/bisesdeclowns.org\/wordpress\/wp-json\/wp\/v2\/comments?post=5333"}],"version-history":[{"count":54,"href":"https:\/\/bisesdeclowns.org\/wordpress\/wp-json\/wp\/v2\/pages\/5333\/revisions"}],"predecessor-version":[{"id":5926,"href":"https:\/\/bisesdeclowns.org\/wordpress\/wp-json\/wp\/v2\/pages\/5333\/revisions\/5926"}],"wp:attachment":[{"href":"https:\/\/bisesdeclowns.org\/wordpress\/wp-json\/wp\/v2\/media?parent=5333"}],"curies":[{"name":"wp","href":"https:\/\/api.w.org\/{rel}","templated":true}]}}