{"id":5624,"date":"2024-10-26T15:17:16","date_gmt":"2024-10-26T15:17:16","guid":{"rendered":"https:\/\/www.bisesdeclowns.org\/?page_id=5624"},"modified":"2024-10-28T12:33:08","modified_gmt":"2024-10-28T12:33:08","slug":"comment","status":"publish","type":"page","link":"https:\/\/bisesdeclowns.org\/wordpress\/comment\/","title":{"rendered":"Pourquoi ?"},"content":{"rendered":"\t\t<div data-elementor-type=\"wp-page\" data-elementor-id=\"5624\" class=\"elementor elementor-5624\">\n\t\t\t\t<div class=\"elementor-element elementor-element-7f8c014 e-con-full e-flex wpr-particle-no wpr-jarallax-no wpr-parallax-no wpr-sticky-section-no e-con e-parent\" data-id=\"7f8c014\" data-element_type=\"container\">\n\t\t<div class=\"elementor-element elementor-element-6ad8303 e-con-full e-flex wpr-particle-no wpr-jarallax-no wpr-parallax-no wpr-sticky-section-no e-con e-child\" data-id=\"6ad8303\" data-element_type=\"container\" data-settings=\"{&quot;background_background&quot;:&quot;classic&quot;}\">\n\t\t\t\t<div class=\"elementor-element elementor-element-fad634a elementor-widget-mobile__width-initial elementor-widget elementor-widget-heading\" data-id=\"fad634a\" data-element_type=\"widget\" data-widget_type=\"heading.default\">\n\t\t\t\t<div class=\"elementor-widget-container\">\n\t\t\t\t\t<h3 class=\"elementor-heading-title elementor-size-default\">Les interventions <\/h3>\t\t\t\t<\/div>\n\t\t\t\t<\/div>\n\t\t\t\t<div class=\"elementor-element elementor-element-fb8510d elementor-widget elementor-widget-heading\" data-id=\"fb8510d\" data-element_type=\"widget\" data-widget_type=\"heading.default\">\n\t\t\t\t<div class=\"elementor-widget-container\">\n\t\t\t\t\t<h2 class=\"elementor-heading-title elementor-size-default\">Pourquoi ?<\/h2>\t\t\t\t<\/div>\n\t\t\t\t<\/div>\n\t\t\t\t<\/div>\n\t\t\t\t<\/div>\n\t\t<div class=\"elementor-element elementor-element-b55829f e-flex e-con-boxed wpr-particle-no wpr-jarallax-no wpr-parallax-no wpr-sticky-section-no e-con e-parent\" data-id=\"b55829f\" data-element_type=\"container\">\n\t\t\t\t\t<div class=\"e-con-inner\">\n\t\t<div class=\"elementor-element elementor-element-0ed28dd e-grid e-con-full wpr-particle-no wpr-jarallax-no wpr-parallax-no wpr-sticky-section-no e-con e-child\" data-id=\"0ed28dd\" data-element_type=\"container\">\n\t\t\t\t<div class=\"elementor-element elementor-element-0bf9c82 elementor-widget elementor-widget-text-editor\" data-id=\"0bf9c82\" data-element_type=\"widget\" data-widget_type=\"text-editor.default\">\n\t\t\t\t<div class=\"elementor-widget-container\">\n\t\t\t\t\t\t\t\t\t<h3>DES CLOWNS R\u00c9V\u00c9LATEURS DE VIE<\/h3>\n<ul>\n \t<li style=\"margin-left: 30px;\">Accueillir l\u2019\u00e9tat pr\u00e9sent de la personne<\/li>\n \t<li style=\"margin-left: 30px;\">Lib\u00e9rer les \u00e9motions : rire, pleurer ou juste\nse regarder<\/li>\n \t<li style=\"margin-left: 30px;\">D\u00e9tourner l\u2019attention durant un soin<\/li>\n \t<li style=\"margin-left: 30px;\">Apaiser les tensions g\u00e9n\u00e9r\u00e9es par une hospitalisation<\/li>\n<\/ul>\t\t\t\t\t\t\t\t<\/div>\n\t\t\t\t<\/div>\n\t\t\t\t<div class=\"elementor-element elementor-element-35e02c6 elementor-widget elementor-widget-image\" data-id=\"35e02c6\" data-element_type=\"widget\" data-widget_type=\"image.default\">\n\t\t\t\t<div class=\"elementor-widget-container\">\n\t\t\t\t\t\t\t\t\t\t\t\t\t\t\t<img fetchpriority=\"high\" decoding=\"async\" width=\"768\" height=\"512\" src=\"https:\/\/bisesdeclowns.org\/wordpress\/wp-content\/uploads\/2024\/03\/DSCF4474-Modifier-2-1-768x512.jpg\" class=\"attachment-medium_large size-medium_large wp-image-4609\" alt=\"\" srcset=\"https:\/\/bisesdeclowns.org\/wordpress\/wp-content\/uploads\/2024\/03\/DSCF4474-Modifier-2-1-768x512.jpg 768w, https:\/\/bisesdeclowns.org\/wordpress\/wp-content\/uploads\/2024\/03\/DSCF4474-Modifier-2-1-300x200.jpg 300w, https:\/\/bisesdeclowns.org\/wordpress\/wp-content\/uploads\/2024\/03\/DSCF4474-Modifier-2-1-1024x683.jpg 1024w, https:\/\/bisesdeclowns.org\/wordpress\/wp-content\/uploads\/2024\/03\/DSCF4474-Modifier-2-1-600x400.jpg 600w, https:\/\/bisesdeclowns.org\/wordpress\/wp-content\/uploads\/2024\/03\/DSCF4474-Modifier-2-1-1536x1024.jpg 1536w, https:\/\/bisesdeclowns.org\/wordpress\/wp-content\/uploads\/2024\/03\/DSCF4474-Modifier-2-1-2048x1365.jpg 2048w\" sizes=\"(max-width: 768px) 100vw, 768px\" \/>\t\t\t\t\t\t\t\t\t\t\t\t\t\t\t<\/div>\n\t\t\t\t<\/div>\n\t\t\t\t<div class=\"elementor-element elementor-element-9bf65f4 elementor-widget elementor-widget-image\" data-id=\"9bf65f4\" data-element_type=\"widget\" data-widget_type=\"image.default\">\n\t\t\t\t<div class=\"elementor-widget-container\">\n\t\t\t\t\t\t\t\t\t\t\t\t\t\t\t<img decoding=\"async\" width=\"1024\" height=\"768\" src=\"https:\/\/bisesdeclowns.org\/wordpress\/wp-content\/uploads\/2024\/03\/DSCF5157-1-1024x768.jpg\" class=\"attachment-large size-large wp-image-4619\" alt=\"\" srcset=\"https:\/\/bisesdeclowns.org\/wordpress\/wp-content\/uploads\/2024\/03\/DSCF5157-1-1024x768.jpg 1024w, https:\/\/bisesdeclowns.org\/wordpress\/wp-content\/uploads\/2024\/03\/DSCF5157-1-300x225.jpg 300w, https:\/\/bisesdeclowns.org\/wordpress\/wp-content\/uploads\/2024\/03\/DSCF5157-1-768x576.jpg 768w, https:\/\/bisesdeclowns.org\/wordpress\/wp-content\/uploads\/2024\/03\/DSCF5157-1-600x450.jpg 600w, https:\/\/bisesdeclowns.org\/wordpress\/wp-content\/uploads\/2024\/03\/DSCF5157-1-1536x1152.jpg 1536w, https:\/\/bisesdeclowns.org\/wordpress\/wp-content\/uploads\/2024\/03\/DSCF5157-1-2048x1536.jpg 2048w\" sizes=\"(max-width: 1024px) 100vw, 1024px\" \/>\t\t\t\t\t\t\t\t\t\t\t\t\t\t\t<\/div>\n\t\t\t\t<\/div>\n\t\t\t\t<div class=\"elementor-element elementor-element-2c9ca10 elementor-widget elementor-widget-text-editor\" data-id=\"2c9ca10\" data-element_type=\"widget\" data-widget_type=\"text-editor.default\">\n\t\t\t\t<div class=\"elementor-widget-container\">\n\t\t\t\t\t\t\t\t\t<h3>DES CLOWNS CR\u00c9ATEURS DE LIENS<\/h3>\n<li style=\"margin-left: 30px;\"> Instituer des rendez-vous r\u00e9guliers dans les\nservices pour des rencontres de qualit\u00e9 <\/li>\n\n<li style=\"margin-left: 30px;\">Cr\u00e9er des liens inattendus entre les personnes,\nles \u00e9quipes soignantes et les proches <\/li>\n<li style=\"margin-left: 30px;\">D\u00e9poser des traces de l\u00e9g\u00e8ret\u00e9 que chacun\npourra cueillir \u00e0 son gr\u00e9 <\/li>\t\t\t\t\t\t\t\t<\/div>\n\t\t\t\t<\/div>\n\t\t\t\t<div class=\"elementor-element elementor-element-c9bfecf elementor-widget elementor-widget-text-editor\" data-id=\"c9bfecf\" data-element_type=\"widget\" data-widget_type=\"text-editor.default\">\n\t\t\t\t<div class=\"elementor-widget-container\">\n\t\t\t\t\t\t\t\t\t<h3>DES CLOWNS ACCOMPAGNATEURS DU VIVANT<\/h3>\n<div><\/div>\n<li style=\"margin-left: 30px;\">Cr\u00e9er de l\u2019extraordinaire dans l\u2019ordinaire<\/li>\n<li style=\"margin-left: 30px;\">Am\u00e9liorer la qualit\u00e9 de vie au quotidien<\/li>\n<li style=\"margin-left: 30px;\">Accompagner le s\u00e9jour hospitalier en douceur<\/li>\n<li style=\"margin-left: 30px;\">Contribuer au changement de regard sur\nla maladie et la fin de vie<\/li>\t\t\t\t\t\t\t\t<\/div>\n\t\t\t\t<\/div>\n\t\t\t\t<div class=\"elementor-element elementor-element-e974981 elementor-widget elementor-widget-image\" data-id=\"e974981\" data-element_type=\"widget\" data-widget_type=\"image.default\">\n\t\t\t\t<div class=\"elementor-widget-container\">\n\t\t\t\t\t\t\t\t\t\t\t\t\t\t\t<img decoding=\"async\" src=\"https:\/\/bisesdeclowns.org\/wordpress\/wp-content\/uploads\/2024\/10\/Bises-de-clowns-29-janvier-2024123215-scaled-e1729713110847.jpg\" title=\"Bises de clowns-29 janvier 2024123215\" alt=\"Bises de clowns-29 janvier 2024123215\" loading=\"lazy\" \/>\t\t\t\t\t\t\t\t\t\t\t\t\t\t\t<\/div>\n\t\t\t\t<\/div>\n\t\t\t\t<\/div>\n\t\t\t\t\t<\/div>\n\t\t\t\t<\/div>\n\t\t\t\t<\/div>\n\t\t","protected":false},"excerpt":{"rendered":"<p>Les interventions Pourquoi ? DES CLOWNS R\u00c9V\u00c9LATEURS DE VIE Accueillir l\u2019\u00e9tat pr\u00e9sent de la personne Lib\u00e9rer les \u00e9motions : rire, pleurer ou juste se regarder D\u00e9tourner l\u2019attention durant un soin Apaiser les tensions g\u00e9n\u00e9r\u00e9es par une hospitalisation DES CLOWNS CR\u00c9ATEURS DE LIENS Instituer des rendez-vous r\u00e9guliers dans les services pour des rencontres de qualit\u00e9 Cr\u00e9er des liens inattendus entre les personnes, les \u00e9quipes soignantes et les proches D\u00e9poser des traces de l\u00e9g\u00e8ret\u00e9 que chacun pourra cueillir \u00e0 son gr\u00e9 DES CLOWNS ACCOMPAGNATEURS DU VIVANT Cr\u00e9er de l\u2019extraordinaire dans l\u2019ordinaire Am\u00e9liorer la qualit\u00e9 de vie au quotidien Accompagner le s\u00e9jour hospitalier en douceur Contribuer au changement de regard sur la maladie et la fin de vie<\/p>\n","protected":false},"author":7,"featured_media":0,"parent":0,"menu_order":0,"comment_status":"closed","ping_status":"closed","template":"","meta":{"site-sidebar-layout":"no-sidebar","site-content-layout":"","ast-site-content-layout":"full-width-container","site-content-style":"default","site-sidebar-style":"default","ast-global-header-display":"","ast-banner-title-visibility":"","ast-main-header-display":"","ast-hfb-above-header-display":"","ast-hfb-below-header-display":"","ast-hfb-mobile-header-display":"","site-post-title":"disabled","ast-breadcrumbs-content":"","ast-featured-img":"disabled","footer-sml-layout":"","theme-transparent-header-meta":"","adv-header-id-meta":"","stick-header-meta":"","header-above-stick-meta":"","header-main-stick-meta":"","header-below-stick-meta":"","astra-migrate-meta-layouts":"default","ast-page-background-enabled":"default","ast-page-background-meta":{"desktop":{"background-color":"var(--ast-global-color-4)","background-image":"","background-repeat":"repeat","background-position":"center center","background-size":"auto","background-attachment":"scroll","background-type":"","background-media":"","overlay-type":"","overlay-color":"","overlay-gradient":""},"tablet":{"background-color":"","background-image":"","background-repeat":"repeat","background-position":"center center","background-size":"auto","background-attachment":"scroll","background-type":"","background-media":"","overlay-type":"","overlay-color":"","overlay-gradient":""},"mobile":{"background-color":"","background-image":"","background-repeat":"repeat","background-position":"center center","background-size":"auto","background-attachment":"scroll","background-type":"","background-media":"","overlay-type":"","overlay-color":"","overlay-gradient":""}},"ast-content-background-meta":{"desktop":{"background-color":"var(--ast-global-color-5)","background-image":"","background-repeat":"repeat","background-position":"center center","background-size":"auto","background-attachment":"scroll","background-type":"","background-media":"","overlay-type":"","overlay-color":"","overlay-gradient":""},"tablet":{"background-color":"var(--ast-global-color-5)","background-image":"","background-repeat":"repeat","background-position":"center center","background-size":"auto","background-attachment":"scroll","background-type":"","background-media":"","overlay-type":"","overlay-color":"","overlay-gradient":""},"mobile":{"background-color":"var(--ast-global-color-5)","background-image":"","background-repeat":"repeat","background-position":"center center","background-size":"auto","background-attachment":"scroll","background-type":"","background-media":"","overlay-type":"","overlay-color":"","overlay-gradient":""}},"footnotes":""},"class_list":["post-5624","page","type-page","status-publish","hentry"],"_links":{"self":[{"href":"https:\/\/bisesdeclowns.org\/wordpress\/wp-json\/wp\/v2\/pages\/5624","targetHints":{"allow":["GET"]}}],"collection":[{"href":"https:\/\/bisesdeclowns.org\/wordpress\/wp-json\/wp\/v2\/pages"}],"about":[{"href":"https:\/\/bisesdeclowns.org\/wordpress\/wp-json\/wp\/v2\/types\/page"}],"author":[{"embeddable":true,"href":"https:\/\/bisesdeclowns.org\/wordpress\/wp-json\/wp\/v2\/users\/7"}],"replies":[{"embeddable":true,"href":"https:\/\/bisesdeclowns.org\/wordpress\/wp-json\/wp\/v2\/comments?post=5624"}],"version-history":[{"count":41,"href":"https:\/\/bisesdeclowns.org\/wordpress\/wp-json\/wp\/v2\/pages\/5624\/revisions"}],"predecessor-version":[{"id":5923,"href":"https:\/\/bisesdeclowns.org\/wordpress\/wp-json\/wp\/v2\/pages\/5624\/revisions\/5923"}],"wp:attachment":[{"href":"https:\/\/bisesdeclowns.org\/wordpress\/wp-json\/wp\/v2\/media?parent=5624"}],"curies":[{"name":"wp","href":"https:\/\/api.w.org\/{rel}","templated":true}]}}